15
Let g be 6/14 - 256/(-56). Let k be ((-1)/(1/g))/(-1). What is the highest common factor of k and 35?
5
Let r be 14/(-42) + 1384/12. Calculate the highest common divisor of r and 10.
5
Let v = 14 + -32. Let t be -2 - v - (-2 + 2). Calculate the greatest common factor of t and 48.
16
Let k(m) be the second derivative of m**5/20 + 2*m**4/3 - 17*m**3/6 - 27*m**2/2 - 15*m. Let u be k(-9). What is the greatest common factor of u and 36?
9
Let c(f) = 3*f. Let x be c(1). Let u = 0 + x. Calculate the greatest common divisor of 24 and u.
3
Let b = -226 - -929. Calculate the highest common factor of b and 57.
19
Suppose l + 17 + 14 = 2*g, -4*g + 77 = l. Let v be 47 + (2 - (4 - 0)). What is the highest common factor of v and g?
9
Suppose -3*u + m + 89 = -0*m, -5*u - 2*m + 152 = 0. What is the highest common divisor of u and 150?
30
Let d be -2 - (2 + (53 - -3)*-1). Let z be ((-2)/3)/((-6)/(-72)). Let o = z - -21. Calculate the highest common factor of o and d.
13
Let b(d) = -2*d**3 - 5*d**2 - 2*d + 24. Let q be b(-5). What is the greatest common factor of q and 3?
3
Suppose -75*s - 4*h - 796 = -79*s, -5*h + 405 = 2*s. What is the greatest common factor of 50 and s?
50
Let f be (-2)/1 + 1 + 1. Suppose 4 = 2*s - f. Suppose -s = b - 0, -5*m + 43 = b. Calculate the highest common divisor of 45 and m.
9
Let g = 35 + -1. Suppose o - g = -8. Let d be (130/6)/((-5)/(-15)). Calculate the greatest common divisor of d and o.
13
Let s = -487 + 542. What is the highest common divisor of 1265 and s?
55
Suppose 0*f + f + 3*d - 10 = 0, -2*f - d + 20 = 0. Let h(k) = -5*k**2 - 58*k + 17. Let s be h(-11). What is the greatest common divisor of s and f?
10
Suppose -v + 13 = 5*t - 14, 0 = 4*v + 5*t - 63. Calculate the greatest common factor of 75 and v.
3
Let g = -119 + 553. Let u = g - 290. Calculate the greatest common factor of u and 18.
18
Let b = 139 - 124. Suppose -1 + 61 = 2*s. Calculate the greatest common factor of s and b.
15
Suppose -13*x = -6*x - 1547. What is the highest common factor of x and 26?
13
Suppose 0 = 2*o - 8, -2*a - 3*a = 2*o - 833. What is the highest common divisor of a and 66?
33
Let c = -490 + 691. What is the greatest common factor of c and 335?
67
Let m(w) = 5*w**3 + w**2 - 3*w + 2. Let x be m(1). Suppose 0 = -0*t - x*t + 100. Calculate the highest common divisor of 8 and t.
4
Suppose 0 = q + 5*j - 10, 41*j = -2*q + 36*j + 30. Calculate the greatest common divisor of q and 15.
5
Let k(n) = -2*n + 3. Let a be k(0). Let m(w) = 6*w + 1. Let l be m(a). Calculate the highest common factor of 57 and l.
19
Suppose -3*j = -4*c - 13, 0 = 5*j - 5*c - 10 - 10. Suppose -2*x - j*v + 45 - 3 = 0, -5*x + v = -71. What is the greatest common divisor of 165 and x?
15
Let s = -496 - -928. Calculate the greatest common divisor of 48 and s.
48
Let i(a) = -2*a + 0*a + 24 + 4*a - a. Let b be i(-14). Let w = -12 - -17. What is the highest common divisor of w and b?
5
Let p be -2 - -2*(-2 + 3). Suppose 0 = -p*l - l + 104. What is the highest common factor of 13 and l?
13
Let b(y) = y**3 + 10*y**2 - 20*y - 89. Let k be b(-9). What is the greatest common factor of k and 43?
43
Suppose 3*g - 5 + 4 = -2*p, -3 = -5*g - 3*p. Suppose g*q = 5*k + 272, 0*k = -q + 5*k + 74. What is the greatest common divisor of 11 and q?
11
Suppose -3*n = 7*r - 3*r - 8, 2*r = n - 6. What is the highest common divisor of 212 and n?
4
Suppose -13*k + 231 = 8*k. Let z be -5 - 1/(-1)*-1. Let n(a) = 3*a**2 + a - 3. Let y be n(z). Calculate the highest common factor of k and y.
11
Let s = 104 - 57. Let y = s + -12. Calculate the greatest common factor of y and 7.
7
Suppose -3*k - 12 - 24 = 0. Let t = k - -17. Let p be (-45)/t*-1*4. Calculate the highest common divisor of 18 and p.
18
Let k = -26 - -32. Let u(h) = -h**3 + h**2 - 6. Let r be u(0). Let y = 54 + r. Calculate the highest common factor of k and y.
6
Let m(n) = 8*n**3 + 3*n**2 + 3*n - 2. Let f be m(3). Let g = f + -125. Suppose -10*k + 5*k + g = 0. Calculate the greatest common divisor of k and 10.
5
Suppose -k - 6*i + 5*i + 14 = 0, 3*k = 4*i + 7. Let t be -2*(k/3 - 22). What is the highest common divisor of 190 and t?
38
Let y = 9 + -5. Let n(w) = -37*w + 3. Let h(l) = l**2 + 7*l - 1. Let f be h(-7). Let z be n(f). What is the greatest common divisor of y and z?
4
Let k(i) = -i**2 + 6*i - 6. Let h be k(3). Suppose g = -h, -y = 4*g + 6 - 78. What is the greatest common factor of 28 and y?
28
Let k be ((-8410)/(-5))/(4 - 2). Suppose 7*t = 2*t + 2*x + 817, 0 = 5*t + 4*x - k. Let g be 3 + 0/(-3) + 12. Calculate the greatest common divisor of t and g.
15
Suppose 11*i - 3 = 12*i. Let p = i + 60. Calculate the highest common factor of p and 114.
57
Let y = -1393 - -1395. What is the greatest common divisor of y and 854?
2
Let i be 24/10*(-4 + 20 + 4). Let z = 16 - 10. What is the greatest common factor of z and i?
6
Let f(z) = z**3 + 11*z**2 + 9*z. Let t be f(-10). What is the greatest common divisor of t and 170?
10
Let w(z) = -z**3 - 4*z**2 + 17*z - 3. Let h be w(-7). Let j = -141 + 341. What is the highest common factor of h and j?
25
Suppose 0 = 5*f - 3*i - 1873, -5*f + 550 = -i - 1331. What is the greatest common divisor of 39 and f?
13
Suppose -541 = 8*v - 2981. What is the greatest common factor of 61 and v?
61
Let q(t) = -10*t**2 + 4*t + 13. Let u be q(5). Let p be u/(-5) - (-1)/(5/(-2)). What is the greatest common factor of 43 and p?
43
Let c be 4 + (1/2)/((-3)/(-138)). What is the greatest common divisor of 36 and c?
9
Suppose -2*s + 95 = -5*h - 23, -5*h = -10. What is the greatest common divisor of s and 4?
4
Suppose 0 = -4*r - 9 + 13. Let u be (16 + 0)/(3 + r - 2). Calculate the greatest common factor of 8 and u.
8
Suppose 0 = -7*f + 2*f + 55. Let u be 2 + 2 - (3 - (-46)/(-2)). Let r = f + u. What is the highest common factor of 280 and r?
35
Let p(i) = -6*i**2 - 67*i + 9. Let v be p(-11). Let j = 156 + -36. What is the highest common factor of j and v?
20
Let g(q) = -q**3 + 4*q**2 - 6*q + 27. Let c be g(4). Calculate the highest common factor of 29 and c.
1
Suppose -2*t + 0*t + 6 = u, -2*u + 10 = 3*t. Calculate the highest common divisor of 7 and t.
1
Let r = -9 - -19. Suppose -8*f + 74 + 326 = 0. Calculate the greatest common factor of r and f.
10
Let b be (-20)/8 + -39*85/(-30). Calculate the highest common factor of b and 72.
36
Suppose -42 = u - 5*u + 3*t, 3*u + 5*t = 46. Let h(y) = -y**2 + 3*y + 3. Let a be h(3). What is the highest common divisor of u and a?
3
Let k = 21984 + -21861. Let m(l) = -3*l**2 + l - 3. Let n be m(-5). Let q be -1 + 3/((-3)/n). What is the greatest common factor of q and k?
41
Suppose -16958 - 13264 = -9*c. Calculate the highest common divisor of c and 23.
23
Suppose 0 = 22*a - 992 - 966. What is the highest common divisor of a and 1?
1
Let d be 165/(-30)*504/(-66). Calculate the greatest common divisor of 39 and d.
3
Suppose -3*g + 4 = -2. Suppose g*w = w. Suppose w = 2*m - 46 - 74. What is the highest common divisor of 12 and m?
12
Let m = -99 - -90. Let o(w) = w**2 + 5*w - 16. Let b be o(m). Calculate the highest common divisor of 20 and b.
20
Suppose -6*l + 10 = -5*l. Let k(y) = y**2 - 7*y - 11. Let x be k(l). What is the greatest common divisor of x and 57?
19
Suppose -2*i = -i - 20. Let n be (10/75)/(8/20)*15. Calculate the greatest common factor of n and i.
5
Let d(o) = -11*o**3 - 2*o**3 + 5*o**3 + 3*o - 6*o**3 + 4 - 3*o**2. Let l be d(-2). What is the greatest common divisor of l and 7?
7
Let s be 4/3*621/18. Let h = s + -32. What is the highest common divisor of h and 70?
14
Suppose 220 = 9*l + 67. Suppose r = 164 - 11. What is the highest common factor of r and l?
17
Let a = -210 + 218. Calculate the highest common divisor of a and 64.
8
Let c(o) = 2*o**3 - 8*o**2 - 2*o. Let r = -33 + 39. Let m be c(r). Calculate the greatest common divisor of m and 12.
12
Suppose 8 = 5*k - 3*k. Suppose k = -m + 7. Let l be (-98)/(-3) + 1/3. Calculate the highest common factor of m and l.
3
Let k be (5 - (-137)/1)*24/16. What is the greatest common factor of k and 1136?
71
Suppose -23*y + 75 = 6. Calculate the greatest common factor of 27 and y.
3
Let u = -12280 - -12287. Let n(f) = -8*f**3 + 3*f**2 - 4*f + 3. Let d be n(2). Let g be 2/(-1 - 1) - d. What is the highest common factor of g and u?
7
Let 